9664?
4
What is the hundred thousands digit of 539262984?
2
What is the millions digit of 825052037?
5
What is the millions digit of 44626588?
4
What is the hundreds digit of 522724821?
8
What is the ten thousands digit of 541743992?
4
What is the ten thousands digit of 4221756346?
5
What is the tens digit of 252529844?
4
What is the units digit of 2303984560?
0
What is the units digit of 41822334?
4
What is the hundreds digit of 4068139233?
2
What is the tens digit of 79879676?
7
What is the tens digit of 2411505052?
5
What is the tens digit of 262479760?
6
What is the hundred thousands digit of 76071292?
0
What is the thousands digit of 85167266?
7
What is the hundreds digit of 392047694?
6
What is the millions digit of 859097112?
9
What is the thousands digit of 2660013080?
3
What is the units digit of 157672461?
1
What is the thousands digit of 70593471?
3
What is the thousands digit of 549453059?
3
What is the millions digit of 3281497741?
1
What is the units digit of 725130990?
0
What is the ten millions digit of 75128468?
7
What is the units digit of 233352039?
9
What is the ten thousands digit of 155356969?
5
What is the hundred thousands digit of 153841620?
8
What is the ten thousands digit of 99824437?
2
What is the ten thousands digit of 140436830?
3
What is the ten thousands digit of 445426323?
2
What is the hundreds digit of 37707541?
5
What is the units digit of 277311936?
6
What is the billions digit of 1759040478?
1
What is the ten thousands digit of 399857570?
5
What is the hundred millions digit of 6115718122?
1
What is the hundreds digit of 1261718903?
9
What is the ten thousands digit of 14027160?
2
What is the ten thousands digit of 22756500?
5
What is the ten thousands digit of 345473883?
7
What is the ten millions digit of 37099305?
3
What is the millions digit of 423172948?
3
What is the ten millions digit of 2105348338?
0
What is the hundred thousands digit of 129454804?
4
What is the millions digit of 141723740?
1
What is the units digit of 741670661?
1
What is the ten millions digit of 174505212?
7
What is the ten thousands digit of 100626493?
2
What is the ten thousands digit of 124694024?
9
What is the hundreds digit of 594259392?
3
What is the hundred thousands digit of 56156187?
1
What is the hundreds digit of 117523248?
2
What is the hundred thousands digit of 3347774?
3
What is the hundred thousands digit of 2711751152?
7
What is the hundred millions digit of 902691686?
9
What is the hundred millions digit of 100451484?
1
What is the hundreds digit of 84374499?
4
What is the tens digit of 1310456179?
7
What is the tens digit of 472616907?
0
What is the ten millions digit of 181431441?
8
What is the ten thousands digit of 16307723?
0
What is the millions digit of 64925531?
4
What is the units digit of 1358461583?
3
What is the ten millions digit of 115608009?
1
What is the hundred thousands digit of 664983300?
9
What is the tens digit of 2999846356?
5
What is the hundred thousands digit of 438850159?
8
What is the hundreds digit of 61139769?
7
What is the tens digit of 1343982171?
7
What is the thousands digit of 419495271?
5
What is the units digit of 191238532?
2
What is the ten millions digit of 32768925?
3
What is the ten millions digit of 53450760?
5
What is the thousands digit of 112097328?
7
What is the hundreds digit of 355760483?
4
What is the thousands digit of 507327561?
7
What is the ten millions digit of 1338314444?
3
What is the units digit of 155204034?
4
What is the ten thousands digit of 1252330355?
3
What is the thousands digit of 214345518?
5
What is the units digit of 122855137?
7
What is the millions digit of 1008043721?
8
What is the hundreds digit of 209380987?
9
What is the thousands digit of 111754798?
4
What is the millions digit of 30940769?
0
What is the tens digit of 99476688?
8
What is the tens digit of 232812315?
1
What is the tens digit of 2975144468?
6
What is the thousands digit of 67092050?
2
What is the ten millions digit of 3243105122?
4
What is the ten thousands digit of 2965280061?
8
What is the thousands digit of 7927467?
7
What is the units digit of 1016334759?
9
What is the units digit of 1966245730?
0
What is the hundred millions digit of 1021654361?
0
What is the thousands digit of 1089572437?
2
What is the thousands digit of 4493783434?
3
What is the ten millions digit of 1355497056?
5
What is the ten thousands digit of 6473719659?
1
What is the thousands digit of 950180033?
0
What is the ten millions digit of 42000707?
4
What is the ten thousands digit of 30264844?
6
What is the units digit of 258575962?
2
What is the hundred millions digit of 368138354?
3
What is the thousands digit of 35031359?
1
What is the billions digit of 1145610632?
1
What is the millions digit of 342427052?
2
What is the hundred millions digit of 1431642438?
4
What is the billions digit of 2234876283?
2
What is the hundred thousands digit of 44366122?
3
What is the thousands digit of 430091511?
1
What is the ten thousands digit of 100931706?
3
What is the hundred millions digit of 528794150?
5
What is the hundreds digit of 252123095?
0
What is the millions digit of 3038459669?
8
What is the thousands digit of 155148825?
8
What is the hundreds digit of 1494775433?
4
What is the hundreds digit of 3509399110?
1
What is the ten millions digit of 106194314?
0
What is the millions digit of 46767441?
6
What is the hundred thousands digit of 86679990?
6
What is the ten millions digit of 73664040?
7
What is the tens digit of 238689292?
9
What is the tens digit of 41829287?
8
What is the ten thousands digit of 1091635563?
3
What is the hundreds digit of 201301816?
8
What is the hundreds digit of 51938557?
5
What is the hundred millions digit of 125291186?
1
What is the ten thousands digit of 1134552719?
5
What is the tens digit of 646856564?
6
What is the hundred thousands digit of 1126975059?
9
What is the thousands digit of 3776183491?
3
What is the hundred thousands digit of 324418693?
4
What is the ten millions digit of 446127664?
4
What is the ten millions digit of 10658936?
1
What is the tens digit of 125515803?
0
What is the millions digit of 322621016?
2
What is the units digit of 2354770928?
8
What is the hundred millions digit of 108639950?
1
What is the units digit of 347343131?
1
What is the hundred thousands digit of 132268117?
2
What is the hundred thousands digit of 45092634?
0
What is the billions digit of 3024372750?
3
What is the ten millions digit of 643428567?
4
What is the units digit of 241166704?
4
What is the hundred thousands digit of 2588374?
5
What is the ten millions digit of 14337256?
1
What is the thousands digit of 291780923?
0
What is the hundred thousands digit of 494741005?
7
What is the thousands digit of 2815406881?
6
What is the units digit of 376555641?
1
What is the millions digit of 2358681869?
8
What is the hundred thousands digit of 190061389?
0
What is the tens digit of 573197312?
1
What is the hundred thousands digit of 69758410?
7
What is the ten thousands digit of 582607263?
0
What is the ten thousands digit of 2453217367?
1
What is the hundred thousands digit of 7607810?
6
What is the thousands digit of 245047910?
7
What is the billions digit of 5396274333?
5
What is the hundred millions digit of 168464935?
1
What is the tens digit of 115522594?
9
What is the hundreds digit of 108698906?
9
What is the tens digit of 593133386?
8
What is the thousands digit of 331622253?
2
What is the ten thousands digit of 2205558484?
5
What is the millions digit of 1463547882?
3
What is the millions digit of 590034175?
0
What is the units digit of 1610496838?
8
What is the thousands digit of 1524547570?
7
What is the units digit of 33489731?
1
What is the tens digit of 391804048?
4
What is the thousands digit of 1292718574?
8
What is the ten thousands digit of 10484834?
8
What is the units digit of 438513594?
4
What is the thousands digit of 155571276?
1
What is the units digit of 6030758?
8
What is the ten thousands digit of 4031627745?
2
What is the ten thousands digit of 4465169989?
6
What is the thousands digit of 789355218?
5
What is the millions digit of 323111363?
3
What is the units digit of 1027633205?
5
What is the millions digit of 2044244368?
4
What is the